+ 4*g - 67. Calculate l(5).
3
Let t(g) = 48*g + 53. Calculate t(-1).
5
Let y(c) = c**3 + 16*c**2 - 83*c - 34. Determine y(-20).
26
Let p(v) = -2*v**3 + 30*v**2 - 40*v + 134. What is p(13)?
290
Let u(k) = -k**2 - 363*k - 31305. What is u(-222)?
-3
Let v(c) = c**3 - 9*c**2 - 30*c + 113. Determine v(11).
25
Let b(j) = 4*j**3 - 41*j**2 + 10*j - 15. Determine b(10).
-15
Let g(v) = -v**3 - 19*v**2 + 14*v + 548. What is g(-18)?
-28
Let m(y) = y**3 - 6*y**2 - 91*y + 396. Calculate m(11).
0
Let j(v) = -v**2 + 78*v - 1496. Determine j(33).
-11
Let g(c) = 3*c**3 - 22*c**2 + 12*c - 36. Give g(7).
-1
Let o(w) = 274*w - 16728. Calculate o(61).
-14
Let s(h) = -5360*h + 37535. Give s(7).
15
Let l(n) = 107*n + 1177. Determine l(-11).
0
Let a(j) = 11267*j - 101409. Calculate a(9).
-6
Let u(y) = y**3 - 3*y**2 + 82*y - 355. What is u(4)?
-11
Let z(i) = -i**3 + 4*i**2 - 5*i + 7. Determine z(3).
1
Let w(h) = -h**2 + 856*h + 7780. Determine w(-9).
-5
Let b(j) = 367*j - 706. Give b(2).
28
Let a(w) = 171*w**2 - 8208*w - 48. Determine a(48).
-48
Let h(w) = -w**2 - 1579*w - 51004. Calculate h(-33).
14
Let b(v) = -99*v + 12880. Give b(130).
10
Let q(y) = -68*y - 467. Give q(-7).
9
Let h(z) = -3*z**3 + 31*z**2 - 11*z + 14. Give h(10).
4
Let k(t) = t**2 + 19*t - 398. Determine k(11).
-68
Let v(k) = -65*k + 952. Give v(15).
-23
Let f(m) = -24*m**2 - 581*m - 124. What is f(-24)?
-4
Let f(r) = -39*r + 411. What is f(14)?
-135
Let w(x) = 5*x + 37. Determine w(-51).
-218
Let x(g) = -g**3 + 55*g**2 + 45*g + 619. What is x(56)?
3
Let x(q) = -2*q**3 - 2*q**2 + 55*q + 169. Determine x(-3).
40
Let x(i) = 5*i**3 - 69*i**2 + 8*i - 104. Determine x(14).
204
Let l(b) = b**2 - 60*b - 1605. Determine l(-20).
-5
Let u(f) = f**3 + 5*f**2 - 76*f + 53. Calculate u(6).
-7
Let d(t) = -33*t**2 + 2*t + 1. Give d(-3).
-302
Let w(s) = 9*s + 43. Calculate w(0).
43
Let b(l) = -l**3 + 3*l**2 + 77*l - 342. Calculate b(6).
12
Let o(n) = -n**3 + 30*n**2 - 124*n + 23. Determine o(25).
48
Let c(v) = -2*v**2 - 17*v + 566. Give c(13).
7
Let r(q) = 115*q - 1681. What is r(14)?
-71
Let z(y) = 269*y + 51654. Calculate z(-192).
6
Let x(l) = 16*l**2 - 298*l + 106. What is x(18)?
-74
Let c(s) = -22*s + 4. Give c(7).
-150
Let t(o) = o**3 + 38*o**2 - 4*o - 140. Give t(-38).
12
Let t(s) = 6*s**3 + 139*s**2 + 26*s + 53. Determine t(-23).
-16
Let c(s) = -s**2 - 55*s + 161. Give c(-57).
47
Let k(h) = 1330*h + 5301. What is k(-4)?
-19
Let d(z) = -z**2 + 82*z - 531. What is d(7)?
-6
Let s(v) = 2*v**3 - 3*v**2 - 13*v - 11. Calculate s(-3).
-53
Let m(h) = -21*h - 21. Give m(0).
-21
Let x(n) = n**3 - 45*n**2 + 475*n - 82. What is x(28)?
-110
Let t(z) = -8*z + 362. Calculate t(39).
50
Let h(i) = i**2 + 4*i + 50. Give h(-8).
82
Let n(f) = -2*f**3 - 101*f**2 + 157*f + 78. Determine n(-52).
26
Let j(q) = -190*q + 501. Calculate j(3).
-69
Let m(v) = 4*v**2 + 12*v + 11. Calculate m(-2).
3
Let p(z) = -5*z**3 - 50*z**2 + 3*z + 23. Determine p(-10).
-7
Let d(b) = -b**2 + 32*b + 1790. What is d(-29)?
21
Let q(x) = 3895*x - 15574. Determine q(4).
6
Let f(t) = -t**3 + 12*t**2 + 7*t - 9. Determine f(12).
75
Let j(g) = -g**2 + 113*g - 1121. Calculate j(11).
1
Let v(n) = 288*n - 581. Give v(2).
-5
Let h(u) = -324*u + 3565. Determine h(11).
1
Let v(h) = 1885*h + 7540. Give v(-4).
0
Let f(v) = v**2 + 796*v + 7081. What is f(-9)?
-2
Let i(d) = -6*d**3 + 136*d**2 - 84*d - 85. Give i(22).
3
Let f(r) = -r**3 - 5*r**2 - 12*r - 25. Give f(-3).
-7
Let i(x) = 6*x - 98. Determine i(9).
-44
Let v(o) = -80*o - 8899. Give v(-110).
-99
Let j(i) = 48*i**3 - 4*i**2 + 94*i - 189. Determine j(2).
367
Let u(z) = -6*z**2 + 179*z + 40. Give u(30).
10
Let g(q) = -2*q**2 - 260*q - 4920. Calculate g(-23).
2
Let h(z) = -z**3 - 15*z**2 - 16*z - 2. Calculate h(-6).
-230
Let y(d) = 21*d**2 - 463*d + 20. Give y(22).
-2
Let v(m) = -m**3 - 10*m**2 + 6*m + 21. Determine v(-12).
237
Let j(b) = -2*b**2 - 20*b - 43. Determine j(-5).
7
Let n(o) = 144*o - 1602. What is n(11)?
-18
Let x(d) = 2*d**3 - 8*d**2 + 8*d - 14. Calculate x(6).
178
Let v(b) = -149*b - 1831. Give v(-14).
255
Let c(x) = x**3 + 24*x**2 + 131*x - 3. What is c(-9)?
33
Let n(s) = 17*s**3 - 187*s**2 + 4*s - 14. Determine n(11).
30
Let f(o) = 47*o - 1808. Determine f(33).
-257
Let j(m) = -m**2 + 740*m + 14389. Give j(-19).
-32
Let x(b) = -4*b**3 - 102*b**2 + 59*b + 159. Calculate x(-26).
-23
Let p(c) = 2*c - 51. Calculate p(-14).
-79
Let a(q) = 23*q - 2263. Determine a(99).
14
Let k(j) = -j**3 + 48*j**2 - 10*j + 288. What is k(48)?
-192
Let z(n) = -n**3 - 12*n**2 - 21*n - 15. Calculate z(-7).
-113
Let z(c) = -206*c - 296. Give z(-3).
322
Let q(x) = 414*x - 13. Calculate q(0).
-13
Let v(j) = j**3 - 17*j**2 - 14*j - 26. Determine v(18).
46
Let g(b) = -10641*b + 85130. Give g(8).
2
Let w(p) = -p**2 - 81*p - 958. What is w(-67)?
-20
Let l(m) = m**3 + 10*m**2 - 38*m - 440. Determine l(-10).
-60
Let l(x) = 2*x**2 + 11*x - 2. Determine l(2).
28
Let a(k) = 14*k**2 - 2*k - 2. Calculate a(-2).
58
Let c(w) = w**3 - 7*w**2 + 151*w - 505. Give c(4).
51
Let s(z) = 21*z**2 - 93*z - 49. Calculate s(5).
11
Let z(f) = 3*f**2 + 335*f + 668. Determine z(-2).
10
Let j(i) = 2*i**3 - 23*i**2 + 4*i - 196. Determine j(12).
-4
Let h(l) = -2*l**3 - 128*l**2 - 1079*l + 46. Determine h(-54).
-8
Let j(n) = -2*n + 94. Calculate j(-9).
112
Let f(u) = -4492*u + 31433. What is f(7)?
-11
Let f(o) = o**3 + 24*o**2 - 117*o - 78. What is f(-28)?
62
Let z(c) = 4*c**3 + 39*c**2 - 9*c + 35. Determine z(-10).
25
Let a(x) = 2*x**3 - 245*x**2 - 4586*x - 123. Give a(139).
16
Let s(p) = p**3 - 12*p**2 - 32*p + 43. Determine s(14).
-13
Let y(w) = -657*w - 4611. Give y(-7).
-12
Let z(d) = -d**3 - 114*d**2 + 469*d - 357. Calculate z(-118).
-3
Let m(g) = -13*g**2 + 442*g + 432. Calculate m(-1).
-23
Let j(f) = -f**3 - 38*f**2 - 34*f + 113. What is j(-37)?
2
Let s(d) = -d**3 - 18*d**2 - 35*d - 33. Determine s(-15).
-183
Let a(l) = 3*l**2 + 79*l + 335. Determine a(-21).
-1
Let d(m) = 11*m - 107. What is d(11)?
14
Let g(l) = -2*l**3 + 347*l**2 + 1262*l - 4065. What is g(177)?
6
Let i(q) = 2*q + 15. What is i(-8)?
-1
Let y(l) = 2*l**3 - 58*l**2 + 54*l + 96. Calculate y(28).
40
Let u(l) = 512*l**2 - 2033*l + 2. What is u(4)?
62
Let k(f) = f**2 + 25*f + 159. Determine k(-10).
9
Let i(z) = 317*z - 28539. Determine i(90).
-9
Let m(h) = -36*h + 5480. Calculate m(154).
-64
Let h(o) = -o**3 + 6*o**2 + 220*o - 20. Calculate h(-12).
-68
Let c(y) = 2*y**3 - 23*y**2 + 8*y + 2. What is c(11)?
-31
Let m(k) = -k**2 + 23*k - 194. What is m(14)?
-68
Let v(l) = -l**3 - 23*l**2 - 16*l - 501. What is v(-23)?
-133
Let l(r) = 1209*r - 2413. Give l(2).
5
Let m(z) = 984*z - 1249. Determine m(2).
719
Let z(x) = -x**3 + x**2 - 28*x - 122. Give z(-4).
70
Let s(r) = r**3 - 24*r**2 + 82*r + 58. What is s(5)?
-7
Let i(t) = t**3 + 17*t**2 + 13*t - 167. Give i(-16).
-119
Let l(c) = -10*c - 176. Calculate l(-17).
-6
Let o(u) = 2*u**3 + 19*u**2 - 611*u - 5078. Determine o(-8).
2
Let s(c) = 9*c**2 - 4*c + 62. What is s(6)?
362
Let j(f) = -f**3 + 22*f**2 - 124*f + 68. Calculate j(12).
20
Let k(w) = -7*w**3 - 15*w**2 - 44*w - 65. What is k(-3)?
121
Let s(o) = -o**3 - 7*o**2 + 21*o + 3. Determine s(-8).
-101
Let l(n) = -n**3 - 42*n**2 - 146*n + 232. Calculate l(-38).
4
Let q(s) = 159*s + 2391. Determine q(-15).
6
Let r(w) = -1551*w - 66697. Give r(-43).
-4
Let x(r) = -151*r + 435. Determine x(3).
-18
Let b(w) = 52*w - 1014. Determine b(15).
-234
Let n(r) = -2*r**2 - 144*r + 4603. Determine n(-96).
-5
Let a(p) = -51*p - 1084. What is a(-22)?
38
Let p(t) = -188*t - 11281. Determine p(-60).
-1
Let a(l) = -754*l - 6030. Determine a(-8).
2
Let a(z) = -291*z**2 - 576*z - 3. What is a(-2)?
-15
Let q(z) = 86*z - 1454. Calculate q(17).
8
Let p(w) = w**3 - 35*w**2 + 31*w - 387. Determine p(35).
698
Let t(m) = -m**3 + 17*m**2 - 53*m + 150. Calculate t(14).
-4
Let n(h) = 528*h + 14267. What is n(-27)?
11
Let w(a) = -33*a + 898. What is w(27)?
7
Let s(t) = t**3 + 17*t**2 + 47*t + 74. Calculate s(-14).
4
Let n(z) = z**2 + 113*z + 118. Calculate n(-1).
6
Let u(b) = -b**2 + 36*b - 39. Calculate u(35).
-4
Let g(q) = -q**3 - 35*q**2 - 246*q - 852. Give g(-27).
-42
Let d(x) = -337*x - 2185. Calculate d(-6).
-163
Let w(o) = -30*o - 608. What is w(-20)?
-8
Let y(n) = 34*n**3 + 2*n**2 - n. Determine y(1).
35
Let m(i) =